. Let k = c + 7. What is the units digit of k?
3
Let f(z) = -1 - 3 + 3*z - 5 + 1. Let k be f(10). Suppose k = m - 0*m. What is the tens digit of m?
2
Suppose 0 = l + 6 - 9. Suppose l*y = 4*p - 273, -4*y = 5*p - 34 - 346. What is the units digit of p?
2
Let q(t) = t**2 + 20*t + 62. What is the units digit of q(-28)?
6
Let r(n) = 2*n**2 - n + 41. What is the units digit of r(5)?
6
What is the thousands digit of (18668/(-195))/(3/(-15))*3?
1
Suppose -5*h + 428 = r, 0 = 5*r - 3*h - 1809 - 247. What is the tens digit of r?
1
What is the units digit of (-5)/(145/50 - 3)?
0
Suppose -2*k = 2 - 138. Let x = k + -19. What is the units digit of x?
9
Let c be 4 + (4 - 8) - -3. Suppose 4*b - c - 17 = 0. Suppose -d = 4*a - 63, d = b*d + 5*a - 197. What is the units digit of d?
3
Let v(d) = -d**2 - 8*d - 9. Let u be v(-5). Suppose u = -2*c + 3*k + 53, 0 = 4*c + 2*k - 134. What is the units digit of c?
1
Suppose -80 = 14*o - 10*o. Let h be (-18)/(-12)*o/(-3). Let z(r) = -r**2 + 17*r - 24. What is the units digit of z(h)?
6
Suppose -9*m = -135 - 315. Suppose 0 = 4*s - h - 613, 5*h - m - 77 = -s. What is the units digit of s?
2
Suppose 0*b + 450 = 5*b. Let h = -7 + 10. Suppose b = h*a + 9. What is the tens digit of a?
2
Let p(o) = -o**3 - 24*o**2 + 25*o + 63. What is the units digit of p(-26)?
5
Let u(s) = 8*s**2 + 3*s - 1. Let x be u(5). Suppose -4*g = -v - 9, g + 9 = -0*g + 4*v. Suppose 79 = -g*h + x. What is the units digit of h?
5
Let r = -8 + 10. Suppose -2*l - r = -8. Suppose -l*w - n = -184, 7*w - 330 = 2*w + 3*n. What is the units digit of w?
3
Suppose -15*l = -5*o - 12*l + 2123, -2*o + 853 = -5*l. What is the hundreds digit of o?
4
Let p = 4970 - 1568. What is the units digit of p?
2
Let b be (-4)/12 - 7*(-424)/12. Suppose 0 = 3*q - b - 29. What is the tens digit of q?
9
Let r = -248 - -2040. What is the hundreds digit of r?
7
Suppose 0 = -2*g - 5*i + 559, 5*g = 3*i - 156 + 1507. What is the hundreds digit of g?
2
Let p be (-7)/(49/12)*-14. Suppose -2*o + 2*h = -p, 2*o - o + 4 = -3*h. What is the units digit of (-3 + 28/o)*70?
5
Let s(j) = 2*j + 6. Let d = 23 - 14. What is the tens digit of s(d)?
2
Suppose -4*g + m = -6581, 0*m + 2*m + 6586 = 4*g. Suppose -256 = -10*d + g. What is the tens digit of d?
9
Suppose 5*t - 10*t = 20. Let a(r) = 11*r**2 - 7*r - 13. What is the units digit of a(t)?
1
Let j be 1/(((-2)/(-24))/((-9)/(-27))). Suppose 4*t - 778 = 5*l, t - j*t - l + 593 = 0. What is the units digit of t?
7
Suppose -7099 = -11*s - 2347. What is the tens digit of s?
3
Suppose 2*j - 4 - 10 = 0. Suppose -j*u - 158 = -690. What is the tens digit of u?
7
Let w be 32/4*(-28)/(-16). Let h = w - -125. What is the units digit of h?
9
Let k(g) = 25 + g**3 + 16*g - 9 + 4*g**2 + 7*g**2 - 15*g. Let c be k(-8). Suppose -4*r + 3*h = -c, -4*r + 4*h - 49 = -253. What is the units digit of r?
7
Suppose 3*a + 530 = -5*n, -2*n = -5*n + a - 318. Let o = n + 180. What is the units digit of o?
4
Suppose y + 4 = 0, 3*y = -2*k + 1770 - 360. What is the hundreds digit of k?
7
Suppose -4*i - 5 + 25 = 0, h - 2*i = 0. Suppose 2*y + h = -14. Let s = y + 16. What is the units digit of s?
4
Suppose -s + 1226 = -5*h, 3*s + 2*h - 1189 = 2489. What is the hundreds digit of s?
2
Let w be 6/(-8) - 85/20. Let h = 50 + w. Suppose 2*t - u - 8 = h, -3*t = -4*u - 77. What is the units digit of t?
7
Let h(x) = 15*x**3 - 2*x**2 + 4*x. Let a be h(2). Suppose 2*j + 2*t = 230, -4*t = -3*j + 2*j + a. What is the tens digit of j?
1
Let n = -15 - -15. Suppose -2*m - m = n. Suppose 9*v - 13*v + 96 = m. What is the tens digit of v?
2
Let g(b) be the first derivative of 2*b**3/3 - 5*b**2/2 + 18*b - 5. What is the tens digit of g(-6)?
2
Suppose -5*v = -9*j + 4*j - 14360, -v = -5*j - 2868. What is the hundreds digit of v?
8
Suppose 8 = 3*w - 85. Let l = w - 18. Let r = l + 1. What is the tens digit of r?
1
Let c(d) = -2*d + 28. Let q be c(14). Let t be (101 - 2) + 4 - q. Let i = 159 - t. What is the tens digit of i?
5
Let n(w) be the first derivative of 26*w**3/3 + w**2/2 - 6. Suppose -6*i + 4 = -2*i. What is the units digit of n(i)?
7
Let k(m) = m**3 + 5*m**2 + 10*m - 2. Let r be k(-5). Let d = 99 + r. What is the units digit of d?
7
Suppose -22*t + 10846 = -5*t. What is the units digit of t?
8
Let b(q) = 4*q**3 - q**2 + 3*q - 1. Let i be b(2). Let f be (-550)/(-14) - (-7)/((-196)/8). Suppose -i = -2*j + f. What is the tens digit of j?
3
Suppose 3*z - 4*m + 6 = -6, -3*z - m + 3 = 0. Suppose -5*l + 2*l + 12 = z. Suppose 5*k + l*s = -0*s + 100, -5*k = -5*s - 55. What is the tens digit of k?
1
Let g = -1 - -8. Let u(x) be the first derivative of 2*x**2 - 5*x - 2. What is the tens digit of u(g)?
2
Let h(s) = -s + 14. Let v be h(12). Suppose v*g = 3*g - 6. Let i(a) = 5*a - 3. What is the tens digit of i(g)?
2
Let t(v) = 3*v**2 + 15*v - 33. What is the tens digit of t(-14)?
4
Let r(n) = -n**3 + n + 5. Let c be r(0). Suppose -4*s - 68 = -c*x - s, 0 = 3*x - 5*s - 28. What is the tens digit of x/24*117/2?
3
Suppose -4*a = a - 360. Let f(h) = -h - 34. Let z be f(6). Let q = z + a. What is the units digit of q?
2
Let f = -30 + 35. Suppose f*n + 18 = -47. Let i = 14 + n. What is the units digit of i?
1
Let g = 13434 + -9579. What is the thousands digit of g?
3
Let d = 138 + -136. Suppose 2*f = 2*o - 3*f - 15, 3*o + 4*f = 11. Suppose 5*y - o*i = -5, -i = 5*y - d*i - 7. What is the units digit of y?
2
Let b = -71 - -81. Suppose 16*y - 1086 = b*y. What is the hundreds digit of y?
1
Let d be 12/(-18) - 22/(-6). Let o(l) = 12*l**2 - 8 + l**3 - 3 - d*l**2 - 1 - 4*l. What is the tens digit of o(-9)?
2
Suppose z - 5 = -0*z. Suppose z*g - 47 = 3*n - n, 0 = -g + 5. Let j = 14 - n. What is the tens digit of j?
2
Let f(b) = 3188*b - 37. What is the thousands digit of f(1)?
3
Let x(t) = 2*t + 57. Let n be x(-26). Suppose -2*o + n*o = 663. What is the units digit of o?
1
Let s be 44/(-8) + (-12)/(-8). Let n(p) = -2*p**3 - 8*p**2 - 7*p + 4. Let d be n(s). Suppose -t = -r + 10, 5*r + 2*t - t = d. What is the units digit of r?
7
Let i = -22 - -28. Let k = 17 + i. What is the units digit of k?
3
Suppose 7*t - 120 = 2*t. Let s be t/14 - 2/(-7). What is the units digit of (s/1)/(2/4)?
4
Let q(u) = u**3 + 16*u**2 + 14*u - 11. Let v be (24/(-8))/(-1) + -1 + -16. What is the hundreds digit of q(v)?
1
Let y(m) = 95*m**3 - m**2 + 9*m - 5. What is the thousands digit of y(3)?
2
Suppose -2*f - 502 = w, -3*f + 13 = 1. Let a = w - -740. What is the units digit of a/50 - (-3)/(-5)?
4
Let q be (22 + -1 - 0)*-4. Let u = q - -121. What is the tens digit of u?
3
Let p(a) = 61*a - 106. What is the units digit of p(29)?
3
Suppose -5*l - 18*o = -23*o - 22995, 9194 = 2*l - o. What is the units digit of l?
5
Let o(n) = 2*n**3 + 18*n**2 - 8*n. What is the tens digit of o(-9)?
7
Suppose -3*f - 5 = 2*q, f - 2*q - 14 + 5 = 0. Let n be 0*(f - 2) + 2. Suppose 5*b - 25 = -5*i, -n*b - 9 = 5*i - 28. What is the units digit of b?
2
Suppose -2*v = 4*r - 82, -2 = r - 0. Suppose -3*y - 30 = 4*k - k, 2*y + 40 = -4*k. What is the units digit of (4/k)/((-3)/v)?
6
Let l be -3 + 5 - (-3 + 7). Let n(q) = -5*q - q - 4*q - 7 + 0*q. What is the units digit of n(l)?
3
Let d(z) = 10*z + 15. Let l(c) = -c**2 + 15*c + 15. Let f be l(15). What is the hundreds digit of d(f)?
1
Suppose -4 - 12 = -4*c. Suppose 5*w = 3*m + 20, -4*m + c*w - 23 = 17. Let g = m - -36. What is the tens digit of g?
2
Let x(k) = 4*k. Let z be x(1). Let s(r) = 4 + 4 - 4 - 3*r**2 + z*r**2 + r. What is the units digit of s(-3)?
0
Let l = 20 - -2. Suppose 3*o + 4 = 5*o - 4*k, -4*o + k + l = 0. What is the units digit of o?
6
Let q(b) = 3*b**2 + 32*b - 15. What is the thousands digit of q(-25)?
1
Let t(u) = 2*u - 7. Let k be t(-10). Let r = 29 + k. What is the tens digit of r/(((-12)/112)/(-3))?
5
Let c = 1201 - 986. What is the hundreds digit of c?
2
Let p = 2408 + 133. What is the hundreds digit of p?
5
Let h = 7 - 21. Let w(l) = 4*l**3 - l**2 + 1. Let y be w(2). Let v = h + y. What is the tens digit of v?
1
Let n = 6 + 0. Suppose -3*x = -5*r + 3 - 18, -n = -x + 2*r. Suppose -2*d = 2*k - 44, x = -5*k + 5*d + 138 - 28. What is the units digit of k?
2
Suppose 4*m + 5*i - 30 = -0*i, 0 = -5*i - 10. Let f = m + -1. Suppose 6*a = f*a - 105. What is the tens digit of a?
3
Let z = -15 - -19. Suppose 3*i - 191 -